 factors of a(-2)?
2, 13
Let k(y) = -3*y + 7. Let a be k(4). Let o(d) = -2*d**3 - 6*d**2 + 2*d - 8. What are the prime factors of o(a)?
2, 41
Let f be ((-2140)/8)/((-4)/8). Suppose 5*q = -0*q + f. What are the prime factors of q?
107
Let p be (1/3)/((-5)/(-465)). Suppose -i + p = -54. List the prime factors of i.
5, 17
Let i = 16 - 17. List the prime factors of ((2 - i) + -4)*-48.
2, 3
What are the prime factors of 18/8*(-3)/((-3)/892)?
3, 223
List the prime factors of ((-2)/(-11) + 1817/(-253))*-153.
3, 7, 17
Suppose -2*s - 607 = -3*s - 3*c, 2*s + 2*c - 1214 = 0. Suppose 5*t = -j + 880, -3*t + s = -4*j + 79. What are the prime factors of t?
2, 11
Suppose -3*u = -r + 4*r + 15, 0 = -r + u - 1. Let v(k) = k + 1. Let i be v(r). List the prime factors of i/6 + 305/15.
2, 5
What are the prime factors of (-215190)/(-42) + 10/(630/27)?
2, 3, 7, 61
What are the prime factors of (-8 + 4)*2/(16/(-6978))?
3, 1163
Suppose -60 = 5*l + 4*u, -4 + 0 = -2*l + 4*u. Let y = l - -13. Suppose y*t - 2*p = 36, p = -4*p + 10. What are the prime factors of t?
2
List the prime factors of ((-10)/(-12))/(43/33798).
5, 131
Suppose 2*j = 8, -z = -3*z + 3*j + 6. Let x = 22 - z. What are the prime factors of x?
13
Let w(u) = -6*u**3 + 18*u**2 - 16*u + 8. List the prime factors of w(-6).
2
List the prime factors of 8365/20 + 3/(-12).
2, 11, 19
Let n(w) = -w**2 - 24*w + 9. Let l be n(-21). Let b = l + 43. List the prime factors of b.
5, 23
Let w(m) = m**3 - m**2 + m. Let h(j) = 2*j**3 - 11*j**2 + 3*j - 16. Let o(t) = -h(t) + 3*w(t). List the prime factors of o(-8).
2
Let g be (0/2)/((-12)/6 - 1). Suppose g = -7*z + 15*z - 128. List the prime factors of z.
2
Let a = 42 + -28. Let u(c) = 50*c**2 - c + 1. Let x be u(1). Suppose -2*f = a - x. What are the prime factors of f?
2, 3
Let z(r) = -r**2 + 8*r - 9. Let q be z(6). Suppose -3 - 12 = -q*v. Suppose v*k - 189 = -5*j + j, -213 = -4*j + 3*k. What are the prime factors of j?
3, 17
Suppose 0 = 5*m - v - 1056, -2*m + 419 = -4*v + 7*v. What are the prime factors of m?
211
Let m be ((-10)/4)/(1*(-2)/4). Suppose -2*l - l + r = -251, m*l = -4*r + 424. What are the prime factors of l?
2, 3, 7
Suppose -34*u + 37*u = 1365. What are the prime factors of u?
5, 7, 13
Suppose 47*c - 13416 = 35*c. List the prime factors of c.
2, 13, 43
Suppose -5*z - 30 = -5*a, -3*z + 0*z - 3*a - 12 = 0. Let n(h) = h**3 + 4*h**2 - 6*h - 1. Let y be n(z). List the prime factors of 32/(-20)*(-10)/y.
2
Suppose 4*t + 6*z - 885 = 3*z, 0 = -3*t - 5*z + 661. Let d = -127 + t. What are the prime factors of d?
5, 19
Suppose 239 = -4*x + 3*d, -2*d + 298 = -5*x + 2*d. Suppose -3*h - 5*w = 285, -4*h = 2*w - 6*w + 380. Let g = x - h. List the prime factors of g.
3, 11
Suppose 10225 = 12*a + 13*a. What are the prime factors of a?
409
Suppose 0 = -d + 78 + 499. What are the prime factors of d?
577
Let x(d) = -d**3 - 5*d**2 + 8*d - 1. Let n be x(-7). Suppose -y - n = -173. List the prime factors of y.
2, 3, 11
Suppose 0 = c - 3*f + 7 - 21, f = 5. Let q = 89 + -48. Let m = q - c. What are the prime factors of m?
2, 3
What are the prime factors of (1/((-3)/157))/((-15)/495)?
11, 157
Let m(y) = -15*y**3 + 32*y**3 - 11 + 2*y**2 - 16*y**3 - 7*y. List the prime factors of m(4).
3, 19
Suppose 0 = -4*x - 1424 + 72. Let p = 501 + x. What are the prime factors of p?
163
Let f(v) = v**2 - 10*v + 9. Let w be f(9). Let q(l) = -3*l - 2*l**3 + l**2 - 3*l**2 - l**2 + w*l. What are the prime factors of q(-2)?
2, 5
Suppose 4*h = -2*h. Suppose -3*c + 4*c + 2 = h. List the prime factors of (40/(-14))/(c/7).
2, 5
Suppose 22*i = -19*i + 39360. What are the prime factors of i?
2, 3, 5
Suppose -4*z - y - 2*y = -47, z = 3*y - 7. List the prime factors of z/4 + (3 - -65).
2, 5, 7
Suppose -l + 190 = -i, 5*l + 3*i - 1194 + 260 = 0. List the prime factors of l.
2, 47
List the prime factors of (((-912)/(-2))/(-4))/(6/(-9)).
3, 19
Let t = -1637 + 2775. List the prime factors of t.
2, 569
Let i(w) = -6*w**3 + 10*w**2 - 3*w + 7. Let q(h) = -6*h**3 + 11*h**2 - 2*h + 7. Let r(f) = -4*i(f) + 3*q(f). List the prime factors of r(4).
17
Let k(c) = -c**2 + 14*c - 2. Suppose 63 = 6*a - 15. Let g be k(a). Suppose -13*m = -g*m - 110. What are the prime factors of m?
5, 11
Suppose 7*b - 3*r - 245 = 6*b, -3*b - 2*r = -779. List the prime factors of b.
257
Let r = -410 - -823. What are the prime factors of r?
7, 59
Let p = 4446 + -2487. What are the prime factors of p?
3, 653
Suppose 0*v + 14*v + 294 = 0. Let y = v - -104. List the prime factors of y.
83
Let y(w) = -w**3 - 6*w**2 - 5*w + 5. Let z be y(-5). Suppose 0 = 3*m - z - 4. Suppose 3*u - 7*u + 44 = 4*l, -m*l + u = -17. What are the prime factors of l?
7
Suppose 2*y = -3*j - 174 + 6125, 5*j + 14815 = 5*y. List the prime factors of y.
2, 7, 53
Let l be (16/(-5))/((-1)/5). Suppose -5*u + l = 296. What are the prime factors of ((-34)/8)/(7/u)?
2, 17
Let c be -1 + (-1 - -1) - -16. List the prime factors of c/35 + (-648)/(-7).
3, 31
Let n = 761 - 345. What are the prime factors of n?
2, 13
Let t(c) = -36*c - 50. List the prime factors of t(-10).
2, 5, 31
Let f = 1624 - -17. List the prime factors of f.
3, 547
Let k(t) = 5*t - 2. Let b be k(-1). List the prime factors of b/((-357)/3882) - (-2)/(-17).
2, 19
Let p(a) = 4*a**3 - a**2 - 3*a + 6. Let o be p(2). Suppose l - o - 5 = 0. What are the prime factors of l?
3, 11
Suppose 4*s + p = 7*s - 850, 2*p = 3*s - 848. List the prime factors of s.
2, 71
Suppose 5*n + 5*d = 5145, -67*n + 1023 = -66*n - 5*d. What are the prime factors of n?
2, 257
Let a(z) = z**2 - 8*z - 6. Let l be a(9). Let r(b) = l*b + 2*b + 6*b + 3 - 2. What are the prime factors of r(1)?
2, 3
Let m = -2657 + 3850. List the prime factors of m.
1193
Let j = 696 + -261. Suppose 4*o - j = 137. List the prime factors of o.
11, 13
Let y = 336 - 323. Let i be 1 + -1 + 30 + -1. Let d = i - y. What are the prime factors of d?
2
Let d(i) = -8*i**3 - 6*i**2 + 22*i + 13. What are the prime factors of d(-6)?
7, 199
Let s(p) = p**2 + 7*p + 10. Let z be s(-6). Let u = z - 4. Suppose 0 = 5*w + 25, 5*o - 3*w + 6*w - 150 = u. List the prime factors of o.
3, 11
Suppose -1249 = -11*b + 1842. What are the prime factors of b?
281
Let j(p) = -18 + p**2 + 4*p**3 + 5*p**2 - 5*p**3 - 1 + 17 + 5*p. Suppose 2*k - 6 + 0 = 0. List the prime factors of j(k).
2, 5
Suppose -5*p + 1770 = 15. List the prime factors of p.
3, 13
Suppose 0 = 6*m - 10*m + 80. Suppose 4 = 6*c - m. List the prime factors of 2/c + 145/10.
3, 5
Let q(d) be the second derivative of -3*d + 7*d**2 + 3/2*d**3 - 1/12*d**4 + 0. List the prime factors of q(7).
2, 7
Let b(l) = -11*l**3 - l. Let w(i) = 2 - 1 - 2*i - i**2 - 2. Let d be w(-2). List the prime factors of b(d).
2, 3
Suppose -j + 2*o + 1874 = 0, o = 5*o - 12. List the prime factors of j.
2, 5, 47
Suppose 2*i - k - 26 = 0, -i + 8 = 5*k - 5. Let t = i + 2. List the prime factors of t.
3, 5
Let r(s) = 4*s. Let p be r(2). Let d(n) = -4*n + 11. Let t be d(p). Let w = t + 46. What are the prime factors of w?
5
Let h(z) = 3*z + 15. Let m be h(-7). Let c be (-7 - -9)*m/(-4). Let f(q) = -q**3 + 6*q**2 + 3. List the prime factors of f(c).
2, 3, 5
What are the prime factors of (-16)/(-3*(-8)/(-2388))?
2, 199
Let l(k) = k**2 + k - 4. Let m be l(2). Suppose 2*q - 38 = -m*b + 26, -b - 2*q + 31 = 0. What are the prime factors of b?
3, 11
Suppose 2*r + 12 = 5*r. What are the prime factors of (r/4)/((-1)/(-3))?
3
Suppose 3*r + 53 = 221. List the prime factors of r.
2, 7
Let k = 265 + 1218. List the prime factors of k.
1483
Suppose 11215 = 26*u - 13329. List the prime factors of u.
2, 59
Suppose 0 = -4*a - 4, 3*m + 0*a = -a + 11. Suppose -m*t - 19 = -3*b - 5*t, 2*b - 4*t = -6. List the prime factors of b.
5
Let k(x) = x**3. Let r(s) = -s**2 + 10 - 4*s**2 - 4 - 2*s + 6*s**3 - 3*s**3. Let h(q) = 2*k(q) - r(q). List the prime factors of h(5).
2
Let o(s) = -s**3 + 21*s**2 - 11*s + 17. Let h be o(20). Suppose 3*q - 578 = -h. List the prime factors of q.
127
Let s be ((-57)/9)/((-4)/(-96)). Suppose g - 2*g + 4 = 0. List the prime factors of (2/g)/((-4)/s).
19
Suppose 9*g + 4*g - 130 = 0. Let m(w) = w**3 - 6*w**2 - 9*w - 12. What are the prime factors of m(g)?
2, 149
Suppose -19 = -2*k - 3*b, 4*k - 11 - 12 = -b. Suppose -20 = 4*w, 0*o + k = 2*o - 3*w. Let n = 34 + o. List the prime fa